{"id":544,"date":"2023-04-08T21:16:21","date_gmt":"2023-04-08T19:16:21","guid":{"rendered":"http:\/\/new.zkt.ch\/?page_id=544"},"modified":"2024-10-30T19:41:59","modified_gmt":"2024-10-30T18:41:59","slug":"marie-therese","status":"publish","type":"page","link":"https:\/\/new.zkt.ch\/?page_id=544","title":{"rendered":"Marie-Therese"},"content":{"rendered":"\t\t<div data-elementor-type=\"wp-page\" data-elementor-id=\"544\" class=\"elementor elementor-544\" data-elementor-settings=\"{&quot;ha_cmc_init_switcher&quot;:&quot;no&quot;}\" data-elementor-post-type=\"page\">\n\t\t\t\t\t\t<section class=\"elementor-section elementor-top-section elementor-element elementor-element-42231b8 elementor-section-boxed elementor-section-height-default elementor-section-height-default\" data-id=\"42231b8\" data-element_type=\"section\" data-e-type=\"section\" data-settings=\"{&quot;_ha_eqh_enable&quot;:false}\">\n\t\t\t\t\t\t<div class=\"elementor-container elementor-column-gap-default\">\n\t\t\t\t\t<div class=\"elementor-column elementor-col-100 elementor-top-column elementor-element elementor-element-ec06ad9\" data-id=\"ec06ad9\" data-element_type=\"column\" data-e-type=\"column\">\n\t\t\t<div class=\"elementor-widget-wrap elementor-element-populated\">\n\t\t\t\t\t\t<div class=\"elementor-element elementor-element-e36080e elementor-widget elementor-widget-heading\" data-id=\"e36080e\" data-element_type=\"widget\" data-e-type=\"widget\" data-widget_type=\"heading.default\">\n\t\t\t\t<div class=\"elementor-widget-container\">\n\t\t\t\t\t<h1 class=\"elementor-heading-title elementor-size-default\">Marie-Therese Abb\u00fchl<\/h1>\t\t\t\t<\/div>\n\t\t\t\t<\/div>\n\t\t\t\t\t<\/div>\n\t\t<\/div>\n\t\t\t\t\t<\/div>\n\t\t<\/section>\n\t\t\t\t<section class=\"elementor-section elementor-top-section elementor-element elementor-element-2857c68 elementor-section-boxed elementor-section-height-default elementor-section-height-default\" data-id=\"2857c68\" data-element_type=\"section\" data-e-type=\"section\" data-settings=\"{&quot;_ha_eqh_enable&quot;:false}\">\n\t\t\t\t\t\t<div class=\"elementor-container elementor-column-gap-default\">\n\t\t\t\t\t<div class=\"elementor-column elementor-col-100 elementor-top-column elementor-element elementor-element-c66def7\" data-id=\"c66def7\" data-element_type=\"column\" data-e-type=\"column\">\n\t\t\t<div class=\"elementor-widget-wrap elementor-element-populated\">\n\t\t\t\t\t\t<div class=\"elementor-element elementor-element-69113a3 elementor-widget elementor-widget-spacer\" data-id=\"69113a3\" data-element_type=\"widget\" data-e-type=\"widget\" data-widget_type=\"spacer.default\">\n\t\t\t\t<div class=\"elementor-widget-container\">\n\t\t\t\t\t\t\t<div class=\"elementor-spacer\">\n\t\t\t<div class=\"elementor-spacer-inner\"><\/div>\n\t\t<\/div>\n\t\t\t\t\t\t<\/div>\n\t\t\t\t<\/div>\n\t\t\t\t\t<\/div>\n\t\t<\/div>\n\t\t\t\t\t<\/div>\n\t\t<\/section>\n\t\t\t\t<section class=\"elementor-section elementor-top-section elementor-element elementor-element-10fefa0 elementor-section-boxed elementor-section-height-default elementor-section-height-default\" data-id=\"10fefa0\" data-element_type=\"section\" data-e-type=\"section\" data-settings=\"{&quot;background_background&quot;:&quot;classic&quot;,&quot;_ha_eqh_enable&quot;:false}\">\n\t\t\t\t\t\t<div class=\"elementor-container elementor-column-gap-default\">\n\t\t\t\t\t<div class=\"elementor-column elementor-col-33 elementor-top-column elementor-element elementor-element-babb3ea\" data-id=\"babb3ea\" data-element_type=\"column\" data-e-type=\"column\">\n\t\t\t<div class=\"elementor-widget-wrap elementor-element-populated\">\n\t\t\t\t\t\t<div class=\"elementor-element elementor-element-56c8665 elementor-widget elementor-widget-image\" data-id=\"56c8665\" data-element_type=\"widget\" data-e-type=\"widget\" data-widget_type=\"image.default\">\n\t\t\t\t<div class=\"elementor-widget-container\">\n\t\t\t\t\t\t\t\t\t\t\t\t\t\t\t<img decoding=\"async\" src=\"https:\/\/new.zkt.ch\/wp-content\/uploads\/2023\/03\/IMG-20230227-WA0033.jpg\" title=\"IMG-20230227-WA0033\" alt=\"IMG-20230227-WA0033\" loading=\"lazy\" \/>\t\t\t\t\t\t\t\t\t\t\t\t\t\t\t<\/div>\n\t\t\t\t<\/div>\n\t\t\t\t\t<\/div>\n\t\t<\/div>\n\t\t\t\t<div class=\"elementor-column elementor-col-66 elementor-top-column elementor-element elementor-element-839e03e\" data-id=\"839e03e\" data-element_type=\"column\" data-e-type=\"column\">\n\t\t\t<div class=\"elementor-widget-wrap elementor-element-populated\">\n\t\t\t\t\t\t<div class=\"elementor-element elementor-element-c612669 elementor-widget__width-initial elementor-widget elementor-widget-eael-adv-accordion\" data-id=\"c612669\" data-element_type=\"widget\" data-e-type=\"widget\" data-widget_type=\"eael-adv-accordion.default\">\n\t\t\t\t<div class=\"elementor-widget-container\">\n\t\t\t\t\t            <div class=\"eael-adv-accordion\" id=\"eael-adv-accordion-c612669\" data-scroll-on-click=\"no\" data-scroll-speed=\"300\" data-accordion-id=\"c612669\" data-accordion-type=\"accordion\" data-toogle-speed=\"300\">\n            <div class=\"eael-accordion-list\">\n\t\t\t\t\t<div id=\"ausbildung\" class=\"elementor-tab-title eael-accordion-header active-default\" tabindex=\"0\" data-tab=\"1\" aria-controls=\"elementor-tab-content-2071\"><span class=\"eael-advanced-accordion-icon-closed\"><i aria-hidden=\"true\" class=\"fa-accordion-icon fas fa-plus\"><\/i><\/span><span class=\"eael-advanced-accordion-icon-opened\"><i aria-hidden=\"true\" class=\"fa-accordion-icon fas fa-minus\"><\/i><\/span><span class=\"eael-accordion-tab-title\">Ausbildung<\/span><\/div><div id=\"elementor-tab-content-2071\" class=\"eael-accordion-content clearfix active-default\" data-tab=\"1\" aria-labelledby=\"ausbildung\">\n<table id=\"tablepress-6-no-3\" class=\"tablepress tablepress-id-6\">\n<tbody>\n<tr class=\"row-1\">\n\t<td class=\"column-1\">2013-2014<\/td><td class=\"column-2\">Diplom Hund Akupunktmassage nach Penzel am Tier <br \/>\nAPM-Akademie, D<\/td>\n<\/tr>\n<tr class=\"row-2\">\n\t<td class=\"column-1\">ab 1987<\/td><td class=\"column-2\">Universit\u00e4tsSpital Z\u00fcrich<br \/>\n<br \/>\n&#8211; Geburtshilfe<br \/>\n&#8211; Intensivpflege Neonatologie (Fr\u00fchgeburten), Instruktionskrankenschwester<br \/>\n<br \/>\nUniversit\u00e4tsSpital Z\u00fcrich Spital Sursee LUKS<br \/>\n<br \/>\n&#8211; Study Nurse<br \/>\n&#8211; Diabetesberaterin HF<\/td>\n<\/tr>\n<tr class=\"row-3\">\n\t<td class=\"column-1\">1987<\/td><td class=\"column-2\">Diplom Kinderkrankenschwester<\/td>\n<\/tr>\n<\/tbody>\n<\/table>\n<!-- #tablepress-6-no-3 from cache --><\/div>\n\t\t\t\t\t<\/div><div class=\"eael-accordion-list\">\n\t\t\t\t\t<div id=\"fortbildung-kurse-kongresse-und-vortrge\" class=\"elementor-tab-title eael-accordion-header\" tabindex=\"0\" data-tab=\"2\" aria-controls=\"elementor-tab-content-2072\"><span class=\"eael-advanced-accordion-icon-closed\"><i aria-hidden=\"true\" class=\"fa-accordion-icon fas fa-plus\"><\/i><\/span><span class=\"eael-advanced-accordion-icon-opened\"><i aria-hidden=\"true\" class=\"fa-accordion-icon fas fa-minus\"><\/i><\/span><span class=\"eael-accordion-tab-title\">Fortbildung, Kurse, Kongresse und Vortr\u00e4ge<\/span><\/div><div id=\"elementor-tab-content-2072\" class=\"eael-accordion-content clearfix\" data-tab=\"2\" aria-labelledby=\"fortbildung-kurse-kongresse-und-vortrge\">\n<table id=\"tablepress-7-no-3\" class=\"tablepress tablepress-id-7\">\n<tbody>\n<tr class=\"row-1\">\n\t<td class=\"column-1\">2024<\/td><td class=\"column-2\">Grundbasis Lernen<br \/>\nDie richtigen Hormone zum richtigen Zeitpunkt<br \/>\nSchweizerische Kynologische Gesellschaft, SKG, Balsthal<\/td>\n<\/tr>\n<tr class=\"row-2\">\n\t<td class=\"column-1\">2022 &#8211; 2023<\/td><td class=\"column-2\">Ern\u00e4hrungsberatung<br \/>\nAkademie f\u00fcr angewandte Tierpsychologie und Tierverhaltenstraining (ATN)<\/td>\n<\/tr>\n<tr class=\"row-3\">\n\t<td class=\"column-1\">Seit 2009<\/td><td class=\"column-2\">Praxisassistenz TPA<br \/>\nTherapeutin Akupressur an Hund und Katze<br \/>\nKleintierpraxis Dr. Urs Abb\u00fchl<\/td>\n<\/tr>\n<tr class=\"row-4\">\n\t<td class=\"column-1\">2020-2021<\/td><td class=\"column-2\">Lehrgang Hundezucht SKG<br \/>\nFachausweis Zuchtwart Hund SKG<\/td>\n<\/tr>\n<tr class=\"row-5\">\n\t<td class=\"column-1\">2018<\/td><td class=\"column-2\">Assistenz- Anzeige- und Therapiehunde im Einsatz f\u00fcr den Menschen<br \/>\nVerhaltensbiologische Grundlagen und mehr: Manuela van Schewick<br \/>\n<\/td>\n<\/tr>\n<tr class=\"row-6\">\n\t<td class=\"column-1\">2017<\/td><td class=\"column-2\">Wahrnehmungsf\u00e4higkeiten von Hunden: Prof. Dr. Adam Miklosi<br \/>\n<br \/>\nStoffwechsel, Ern\u00e4hrung und Verhalten des Hundes:<br \/>\nPD. Dr. Dr. Udo Ganslosser<br \/>\n<br \/>\nDie verschiedenen Pers\u00f6nlichkeitsmerkmale und Rasseeigenschaften von<br \/>\nHunden: PD. Dr. Dr. Udo Ganslosser<\/td>\n<\/tr>\n<tr class=\"row-7\">\n\t<td class=\"column-1\">2016<\/td><td class=\"column-2\">Gesundheit und Verhalten, Zusammenhang: Celina del Amo<br \/>\n<br \/>\nGenetische Grundlagen der Hundezucht von K\u00f6rperbau, Fell und Farbe,<br \/>\nVerhaltensgenetik Hund, gef\u00e4hrliche Hunde: Prof. Dr. Irene Sommerfeld-Stur<br \/>\n<br \/>\nKognitive Ethologie an Wild- und Haushunden \u201eWenn der Hund zur Gefahr<br \/>\nwird\u201c: Prof. Dr. Dorit Urd Feddersen-Petersen<\/td>\n<\/tr>\n<tr class=\"row-8\">\n\t<td class=\"column-1\">2015 <\/td><td class=\"column-2\">Zucht und Genetik, Rudelstruktur und Rangposition: PD Dr. Dr. Udo<br \/>\nGanslosser<\/td>\n<\/tr>\n<tr class=\"row-9\">\n\t<td class=\"column-1\">2014 <\/td><td class=\"column-2\">Fauser System, Verst\u00e4ndnis f\u00fcr die Ausgeglichenheit und klare<br \/>\nKommunikation in der Sozialstruktur zwischen Familienvorstand und<br \/>\nFamilienmitglied: Thorsten Fauser<\/td>\n<\/tr>\n<tr class=\"row-10\">\n\t<td class=\"column-1\">2013-2014<\/td><td class=\"column-2\">Diplom Hund Akupunktmassage nach Penzel am Tier <br \/>\nAPM-Akademie, D<\/td>\n<\/tr>\n<tr class=\"row-11\">\n\t<td class=\"column-1\">2013<\/td><td class=\"column-2\">Unerw\u00fcnschtes Verhalten beim Hund: Birgit Lehnen<br \/>\n<br \/>\n<\/td>\n<\/tr>\n<tr class=\"row-12\">\n\t<td class=\"column-1\">2013 <\/td><td class=\"column-2\">Ern\u00e4hrung und Ern\u00e4hrungsbedingte Krankheiten beim Hund: Dr. med. vet.<br \/>\nGabrielle Brunner- Scheidegger<\/td>\n<\/tr>\n<tr class=\"row-13\">\n\t<td class=\"column-1\">2012<\/td><td class=\"column-2\">Theoretischer Sachkundenachweis SKN, Schweizer Sch\u00e4ferhund-Club<\/td>\n<\/tr>\n<tr class=\"row-14\">\n\t<td class=\"column-1\">2011<\/td><td class=\"column-2\">Moderne An\u00e4sthesie f\u00fcr Kleintiere von A bis Z, VetSuisse Fakult\u00e4t, Z\u00fcrich<\/td>\n<\/tr>\n<\/tbody>\n<\/table>\n<!-- #tablepress-7-no-3 from cache --><\/div>\n\t\t\t\t\t<\/div><\/div>\t\t\t\t<\/div>\n\t\t\t\t<\/div>\n\t\t\t\t\t<\/div>\n\t\t<\/div>\n\t\t\t\t\t<\/div>\n\t\t<\/section>\n\t\t\t\t<\/div>\n\t\t","protected":false},"excerpt":{"rendered":"<p>Marie-Therese Abb\u00fchl<\/p>\n","protected":false},"author":1,"featured_media":0,"parent":0,"menu_order":0,"comment_status":"closed","ping_status":"closed","template":"elementor_header_footer","meta":{"footnotes":""},"class_list":["post-544","page","type-page","status-publish","hentry"],"_links":{"self":[{"href":"https:\/\/new.zkt.ch\/index.php?rest_route=\/wp\/v2\/pages\/544"}],"collection":[{"href":"https:\/\/new.zkt.ch\/index.php?rest_route=\/wp\/v2\/pages"}],"about":[{"href":"https:\/\/new.zkt.ch\/index.php?rest_route=\/wp\/v2\/types\/page"}],"author":[{"embeddable":true,"href":"https:\/\/new.zkt.ch\/index.php?rest_route=\/wp\/v2\/users\/1"}],"replies":[{"embeddable":true,"href":"https:\/\/new.zkt.ch\/index.php?rest_route=%2Fwp%2Fv2%2Fcomments&post=544"}],"version-history":[{"count":23,"href":"https:\/\/new.zkt.ch\/index.php?rest_route=\/wp\/v2\/pages\/544\/revisions"}],"predecessor-version":[{"id":768,"href":"https:\/\/new.zkt.ch\/index.php?rest_route=\/wp\/v2\/pages\/544\/revisions\/768"}],"wp:attachment":[{"href":"https:\/\/new.zkt.ch\/index.php?rest_route=%2Fwp%2Fv2%2Fmedia&parent=544"}],"curies":[{"name":"wp","href":"https:\/\/api.w.org\/{rel}","templated":true}]}}